{"id":15540,"date":"2015-08-22T11:15:25","date_gmt":"2015-08-22T09:15:25","guid":{"rendered":"http:\/\/www.blau-weiss-fischenich.de\/?page_id=15540"},"modified":"2025-12-16T11:39:12","modified_gmt":"2025-12-16T10:39:12","slug":"kunos-freunde","status":"publish","type":"page","link":"https:\/\/www.blau-weiss-fischenich.de\/?page_id=15540","title":{"rendered":"Kunos Freunde"},"content":{"rendered":"<p><a href=\"https:\/\/i0.wp.com\/www.blau-weiss-fischenich.de\/wp-content\/uploads\/2025\/11\/LOGO-Kunos-Freunde-KG-2014.jpg?ssl=1\"><img data-recalc-dims=\"1\" fetchpriority=\"high\" decoding=\"async\" class=\"size-medium wp-image-26687 aligncenter\" src=\"https:\/\/i0.wp.com\/www.blau-weiss-fischenich.de\/wp-content\/uploads\/2025\/11\/LOGO-Kunos-Freunde-KG-2014.jpg?resize=265%2C300&#038;ssl=1\" alt=\"\" width=\"265\" height=\"300\" srcset=\"https:\/\/i0.wp.com\/www.blau-weiss-fischenich.de\/wp-content\/uploads\/2025\/11\/LOGO-Kunos-Freunde-KG-2014.jpg?resize=265%2C300&amp;ssl=1 265w, https:\/\/i0.wp.com\/www.blau-weiss-fischenich.de\/wp-content\/uploads\/2025\/11\/LOGO-Kunos-Freunde-KG-2014.jpg?resize=768%2C868&amp;ssl=1 768w, https:\/\/i0.wp.com\/www.blau-weiss-fischenich.de\/wp-content\/uploads\/2025\/11\/LOGO-Kunos-Freunde-KG-2014.jpg?w=876&amp;ssl=1 876w\" sizes=\"(max-width: 265px) 100vw, 265px\" \/><\/a><\/p>\n<p style=\"text-align: justify;\">Kunos Freunde haben sich im September 2014 gegr\u00fcndet und zur Aufgabe gemacht, das Vereinsleben in unserer Gesellschaft neu zu st\u00e4rken. Jeder, kann und darf sich hier einbringen und nach Lust und Laune mitmachen.<\/p>\n<p style=\"text-align: justify;\">Kunos Freunde sind eine offene Gruppe f\u00fcr alle, die Spa\u00df an Gemeinschaft, Engagement und Geselligkeit haben, ganz gleich ob aktives oder inaktives Mitglied, Elternteil, Freund oder Fan unseres Vereinsmaskottchens Ritter Kuno. Kunos Freunde treffen sich einmal im Monat zum geselligen Zusammensein. Sie unterst\u00fctzen unsere KG bei Veranstaltungen oder wo auch immer Hilfe gebraucht wird, entwickeln Ideen f\u00fcr gemeinsame Aktivit\u00e4ten und sind damit ein Bindeglied zwischen Vorstand, Blasorchester, Tanzgruppen und Vereinsfreunden. Termine, Infos und Ideen werden in einer WhatsApp-Gruppe geteilt. Thomas R\u00fcckert: \u201d Komm vorbei und mach mit. Bei uns z\u00e4hlt das Miteinander, egal ob Du helfen, mitreden oder einfach dazu geh\u00f6ren m\u00f6chtest und weil das Leben mit Freunden doppelt Spa\u00df macht!\u201d.<\/p>\n<p style=\"text-align: justify;\">Informationen \u00fcber Termine und Lokalit\u00e4ten oder \u00fcber &#8220;Kunos Freunde&#8221; im allgemeinen gibt es nat\u00fcrlich auch ganz direkt und auf kurzem Weg bei:<\/p>\n<p>Thomas R\u00fcckert, Tel. 0177 7848063<\/p>\n<p>&nbsp;<\/p>\n<p><span style=\"color: #0000ff;\"><strong>TERMINE <span style=\"font-size: 12pt;\">2026<\/span><\/strong><\/span><\/p>\n<p><span style=\"color: #0000ff;\">Mittwoch, 28.01.2026 19.00 Uhr &#8211; Ort wird noch bekannt gegeben<\/span><\/p>\n<p><span style=\"color: #0000ff;\">Mittwoch, 18.02.2026, 19.00 Uhr (Aschermittwoch) &#8211; Fischessen &#8211; Gastst\u00e4tte `Zur Krone bei Micha\u00b4in Kendenich<\/span><\/p>\n<p><span style=\"color: #0000ff;\">Donnerstag, 19.03.2026, 19.00 Uhr &#8211; Reibekuchenessen &#8211; Breitenbacher Hof<\/span><\/p>\n<p><span style=\"color: #0000ff;\">Mittwoch, 22.04.2026, 19.00 Uhr &#8211; Ort wird noch bekannt gegeben<\/span><\/p>\n<p>&nbsp;<br \/>\n&nbsp;<\/p>\n","protected":false},"excerpt":{"rendered":"<p>Kunos Freunde haben sich im September 2014 gegr\u00fcndet und zur Aufgabe gemacht, das Vereinsleben in unserer Gesellschaft neu zu st\u00e4rken. Jeder, kann und darf sich hier einbringen und nach Lust und Laune mitmachen. Kunos Freunde sind eine offene Gruppe f\u00fcr alle, die Spa\u00df an Gemeinschaft, Engagement und Geselligkeit haben, ganz gleich ob aktives oder inaktives [&hellip;]<\/p>\n","protected":false},"author":2,"featured_media":0,"parent":0,"menu_order":0,"comment_status":"closed","ping_status":"closed","template":"","meta":{"ngg_post_thumbnail":0,"footnotes":"","_links_to":"","_links_to_target":""},"class_list":["post-15540","page","type-page","status-publish","hentry"],"jetpack_sharing_enabled":true,"jetpack_shortlink":"https:\/\/wp.me\/P787HS-42E","publishpress_future_action":{"enabled":false,"date":"2026-05-10 14:24:55","action":"change-status","newStatus":"draft","terms":[],"taxonomy":"","extraData":[]},"publishpress_future_workflow_manual_trigger":{"enabledWorkflows":[]},"_links":{"self":[{"href":"https:\/\/www.blau-weiss-fischenich.de\/index.php?rest_route=\/wp\/v2\/pages\/15540","targetHints":{"allow":["GET"]}}],"collection":[{"href":"https:\/\/www.blau-weiss-fischenich.de\/index.php?rest_route=\/wp\/v2\/pages"}],"about":[{"href":"https:\/\/www.blau-weiss-fischenich.de\/index.php?rest_route=\/wp\/v2\/types\/page"}],"author":[{"embeddable":true,"href":"https:\/\/www.blau-weiss-fischenich.de\/index.php?rest_route=\/wp\/v2\/users\/2"}],"replies":[{"embeddable":true,"href":"https:\/\/www.blau-weiss-fischenich.de\/index.php?rest_route=%2Fwp%2Fv2%2Fcomments&post=15540"}],"version-history":[{"count":12,"href":"https:\/\/www.blau-weiss-fischenich.de\/index.php?rest_route=\/wp\/v2\/pages\/15540\/revisions"}],"predecessor-version":[{"id":26767,"href":"https:\/\/www.blau-weiss-fischenich.de\/index.php?rest_route=\/wp\/v2\/pages\/15540\/revisions\/26767"}],"wp:attachment":[{"href":"https:\/\/www.blau-weiss-fischenich.de\/index.php?rest_route=%2Fwp%2Fv2%2Fmedia&parent=15540"}],"curies":[{"name":"wp","href":"https:\/\/api.w.org\/{rel}","templated":true}]}}

<p><a href="https://i0.wp.com/www.blau-weiss-fischenich.de/wp-content/uploads/2025/11/LOGO-Kunos-Freunde-KG-2014.jpg?ssl=1"><img data-recalc-dims="1" fetchpriority="high" decoding="async" class="size-medium wp-image-26687 aligncenter" src="https://i0.wp.com/www.blau-weiss-fischenich.de/wp-content/uploads/2025/11/LOGO-Kunos-Freunde-KG-2014.jpg?resize=265%2C300&#038;ssl=1" alt="" width="265" height="300" srcset="https://i0.wp.com/www.blau-weiss-fischenich.de/wp-content/uploads/2025/11/LOGO-Kunos-Freunde-KG-2014.jpg?resize=265%2C300&amp;ssl=1 265w, https://i0.wp.com/www.blau-weiss-fischenich.de/wp-content/uploads/2025/11/LOGO-Kunos-Freunde-KG-2014.jpg?resize=768%2C868&amp;ssl=1 768w, https://i0.wp.com/www.blau-weiss-fischenich.de/wp-content/uploads/2025/11/LOGO-Kunos-Freunde-KG-2014.jpg?w=876&amp;ssl=1 876w" sizes="(max-width: 265px) 100vw, 265px" /></a></p>
<p style="text-align: justify;">Kunos Freunde haben sich im September 2014 gegründet und zur Aufgabe gemacht, das Vereinsleben in unserer Gesellschaft neu zu stärken. Jeder, kann und darf sich hier einbringen und nach Lust und Laune mitmachen.</p>
<p style="text-align: justify;">Kunos Freunde sind eine offene Gruppe für alle, die Spaß an Gemeinschaft, Engagement und Geselligkeit haben, ganz gleich ob aktives oder inaktives Mitglied, Elternteil, Freund oder Fan unseres Vereinsmaskottchens Ritter Kuno. Kunos Freunde treffen sich einmal im Monat zum geselligen Zusammensein. Sie unterstützen unsere KG bei Veranstaltungen oder wo auch immer Hilfe gebraucht wird, entwickeln Ideen für gemeinsame Aktivitäten und sind damit ein Bindeglied zwischen Vorstand, Blasorchester, Tanzgruppen und Vereinsfreunden. Termine, Infos und Ideen werden in einer WhatsApp-Gruppe geteilt. Thomas Rückert: ” Komm vorbei und mach mit. Bei uns zählt das Miteinander, egal ob Du helfen, mitreden oder einfach dazu gehören möchtest und weil das Leben mit Freunden doppelt Spaß macht!”.</p>
<p style="text-align: justify;">Informationen über Termine und Lokalitäten oder über &#8220;Kunos Freunde&#8221; im allgemeinen gibt es natürlich auch ganz direkt und auf kurzem Weg bei:</p>
<p>Thomas Rückert, Tel. 0177 7848063</p>
<p>&nbsp;</p>
<p><span style="color: #0000ff;"><strong>TERMINE <span style="font-size: 12pt;">2026</span></strong></span></p>
<p><span style="color: #0000ff;">Mittwoch, 28.01.2026 19.00 Uhr &#8211; Ort wird noch bekannt gegeben</span></p>
<p><span style="color: #0000ff;">Mittwoch, 18.02.2026, 19.00 Uhr (Aschermittwoch) &#8211; Fischessen &#8211; Gaststätte `Zur Krone bei Micha´in Kendenich</span></p>
<p><span style="color: #0000ff;">Donnerstag, 19.03.2026, 19.00 Uhr &#8211; Reibekuchenessen &#8211; Breitenbacher Hof</span></p>
<p><span style="color: #0000ff;">Mittwoch, 22.04.2026, 19.00 Uhr &#8211; Ort wird noch bekannt gegeben</span></p>
<p>&nbsp;<br />
&nbsp;</p>

<p>Kunos Freunde haben sich im September 2014 gegründet und zur Aufgabe gemacht, das Vereinsleben in unserer Gesellschaft neu zu stärken. Jeder, kann und darf sich hier einbringen und nach Lust und Laune mitmachen. Kunos Freunde sind eine offene Gruppe für alle, die Spaß an Gemeinschaft, Engagement und Geselligkeit haben, ganz gleich ob aktives oder inaktives [&hellip;]</p>
