{"id":19965,"date":"2017-03-26T20:37:38","date_gmt":"2017-03-26T18:37:38","guid":{"rendered":"http:\/\/www.blau-weiss-fischenich.de\/?page_id=19965"},"modified":"2025-11-18T13:06:06","modified_gmt":"2025-11-18T12:06:06","slug":"der-vorstand","status":"publish","type":"page","link":"https:\/\/www.blau-weiss-fischenich.de\/?page_id=19965","title":{"rendered":"Der Vorstand"},"content":{"rendered":"<div id=\"attachment_26664\" style=\"width: 310px\" class=\"wp-caption aligncenter\"><a href=\"https:\/\/i0.wp.com\/www.blau-weiss-fischenich.de\/wp-content\/uploads\/2025\/11\/Vorstand-2025.jpg?ssl=1\"><img data-recalc-dims=\"1\" fetchpriority=\"high\" decoding=\"async\" aria-describedby=\"caption-attachment-26664\" class=\"size-medium wp-image-26664\" src=\"https:\/\/i0.wp.com\/www.blau-weiss-fischenich.de\/wp-content\/uploads\/2025\/11\/Vorstand-2025.jpg?resize=300%2C198&#038;ssl=1\" alt=\"\" width=\"300\" height=\"198\" srcset=\"https:\/\/i0.wp.com\/www.blau-weiss-fischenich.de\/wp-content\/uploads\/2025\/11\/Vorstand-2025.jpg?resize=300%2C198&amp;ssl=1 300w, https:\/\/i0.wp.com\/www.blau-weiss-fischenich.de\/wp-content\/uploads\/2025\/11\/Vorstand-2025.jpg?resize=1024%2C675&amp;ssl=1 1024w, https:\/\/i0.wp.com\/www.blau-weiss-fischenich.de\/wp-content\/uploads\/2025\/11\/Vorstand-2025.jpg?resize=768%2C506&amp;ssl=1 768w, https:\/\/i0.wp.com\/www.blau-weiss-fischenich.de\/wp-content\/uploads\/2025\/11\/Vorstand-2025.jpg?resize=1536%2C1012&amp;ssl=1 1536w, https:\/\/i0.wp.com\/www.blau-weiss-fischenich.de\/wp-content\/uploads\/2025\/11\/Vorstand-2025.jpg?w=2048&amp;ssl=1 2048w\" sizes=\"(max-width: 300px) 100vw, 300px\" \/><\/a><p id=\"caption-attachment-26664\" class=\"wp-caption-text\"><span style=\"font-size: 8pt; text-align: center;\">&nbsp; &nbsp; v.l.n.r.: Franz Josef K\u00fcster, Dirk Schwalbach, Silke&nbsp; Marten<\/span><\/p><\/div>\n<p style=\"text-align: center;\"><strong>1. Vorsitzender, <\/strong>Dirk Schwalbach<\/p>\n<p style=\"text-align: center;\"><strong>1. Kassierer,<\/strong> Franz Josef K\u00fcster<\/p>\n<p style=\"text-align: center;\"><strong>1. Gesch\u00e4ftsf\u00fchrerin,<\/strong> Silke Marten<\/p>\n<p style=\"text-align: center;\">&nbsp;<\/p>\n<p style=\"text-align: center;\">&nbsp;<\/p>\n<p>&nbsp;<\/p>\n<p>&nbsp;<\/p>\n<p>&nbsp;<\/p>\n<p>&nbsp;<\/p>\n","protected":false},"excerpt":{"rendered":"<p>1. Vorsitzender, Dirk Schwalbach 1. Kassierer, Franz Josef K\u00fcster 1. Gesch\u00e4ftsf\u00fchrerin, Silke Marten &nbsp; &nbsp; &nbsp; &nbsp; &nbsp; &nbsp;<\/p>\n","protected":false},"author":2,"featured_media":0,"parent":0,"menu_order":0,"comment_status":"closed","ping_status":"closed","template":"","meta":{"ngg_post_thumbnail":0,"footnotes":"","_links_to":"","_links_to_target":""},"class_list":["post-19965","page","type-page","status-publish","hentry"],"jetpack_sharing_enabled":true,"jetpack_shortlink":"https:\/\/wp.me\/P787HS-5c1","publishpress_future_action":{"enabled":false,"date":"2026-05-10 13:37:10","action":"change-status","newStatus":"draft","terms":[],"taxonomy":"","extraData":[]},"publishpress_future_workflow_manual_trigger":{"enabledWorkflows":[]},"_links":{"self":[{"href":"https:\/\/www.blau-weiss-fischenich.de\/index.php?rest_route=\/wp\/v2\/pages\/19965","targetHints":{"allow":["GET"]}}],"collection":[{"href":"https:\/\/www.blau-weiss-fischenich.de\/index.php?rest_route=\/wp\/v2\/pages"}],"about":[{"href":"https:\/\/www.blau-weiss-fischenich.de\/index.php?rest_route=\/wp\/v2\/types\/page"}],"author":[{"embeddable":true,"href":"https:\/\/www.blau-weiss-fischenich.de\/index.php?rest_route=\/wp\/v2\/users\/2"}],"replies":[{"embeddable":true,"href":"https:\/\/www.blau-weiss-fischenich.de\/index.php?rest_route=%2Fwp%2Fv2%2Fcomments&post=19965"}],"version-history":[{"count":19,"href":"https:\/\/www.blau-weiss-fischenich.de\/index.php?rest_route=\/wp\/v2\/pages\/19965\/revisions"}],"predecessor-version":[{"id":26669,"href":"https:\/\/www.blau-weiss-fischenich.de\/index.php?rest_route=\/wp\/v2\/pages\/19965\/revisions\/26669"}],"wp:attachment":[{"href":"https:\/\/www.blau-weiss-fischenich.de\/index.php?rest_route=%2Fwp%2Fv2%2Fmedia&parent=19965"}],"curies":[{"name":"wp","href":"https:\/\/api.w.org\/{rel}","templated":true}]}}

<div id="attachment_26664" style="width: 310px" class="wp-caption aligncenter"><a href="https://i0.wp.com/www.blau-weiss-fischenich.de/wp-content/uploads/2025/11/Vorstand-2025.jpg?ssl=1"><img data-recalc-dims="1" fetchpriority="high" decoding="async" aria-describedby="caption-attachment-26664" class="size-medium wp-image-26664" src="https://i0.wp.com/www.blau-weiss-fischenich.de/wp-content/uploads/2025/11/Vorstand-2025.jpg?resize=300%2C198&#038;ssl=1" alt="" width="300" height="198" srcset="https://i0.wp.com/www.blau-weiss-fischenich.de/wp-content/uploads/2025/11/Vorstand-2025.jpg?resize=300%2C198&amp;ssl=1 300w, https://i0.wp.com/www.blau-weiss-fischenich.de/wp-content/uploads/2025/11/Vorstand-2025.jpg?resize=1024%2C675&amp;ssl=1 1024w, https://i0.wp.com/www.blau-weiss-fischenich.de/wp-content/uploads/2025/11/Vorstand-2025.jpg?resize=768%2C506&amp;ssl=1 768w, https://i0.wp.com/www.blau-weiss-fischenich.de/wp-content/uploads/2025/11/Vorstand-2025.jpg?resize=1536%2C1012&amp;ssl=1 1536w, https://i0.wp.com/www.blau-weiss-fischenich.de/wp-content/uploads/2025/11/Vorstand-2025.jpg?w=2048&amp;ssl=1 2048w" sizes="(max-width: 300px) 100vw, 300px" /></a><p id="caption-attachment-26664" class="wp-caption-text"><span style="font-size: 8pt; text-align: center;">&nbsp; &nbsp; v.l.n.r.: Franz Josef Küster, Dirk Schwalbach, Silke&nbsp; Marten</span></p></div>
<p style="text-align: center;"><strong>1. Vorsitzender, </strong>Dirk Schwalbach</p>
<p style="text-align: center;"><strong>1. Kassierer,</strong> Franz Josef Küster</p>
<p style="text-align: center;"><strong>1. Geschäftsführerin,</strong> Silke Marten</p>
<p style="text-align: center;">&nbsp;</p>
<p style="text-align: center;">&nbsp;</p>
<p>&nbsp;</p>
<p>&nbsp;</p>
<p>&nbsp;</p>
<p>&nbsp;</p>

<p>1. Vorsitzender, Dirk Schwalbach 1. Kassierer, Franz Josef Küster 1. Geschäftsführerin, Silke Marten &nbsp; &nbsp; &nbsp; &nbsp; &nbsp; &nbsp;</p>
