{"id":2472,"date":"2012-04-07T00:10:18","date_gmt":"2012-04-06T22:10:18","guid":{"rendered":"http:\/\/www.blau-weiss-fischenich.de\/?page_id=2472"},"modified":"2026-03-09T18:26:20","modified_gmt":"2026-03-09T17:26:20","slug":"das-kinder-und-jugendtanzcorps","status":"publish","type":"page","link":"https:\/\/www.blau-weiss-fischenich.de\/?page_id=2472","title":{"rendered":"Das Kinder- und Jugendtanzcorps"},"content":{"rendered":"<p style=\"text-align: center;\"><a href=\"https:\/\/i0.wp.com\/www.blau-weiss-fischenich.de\/wp-content\/uploads\/2024\/04\/image0.jpeg?ssl=1\"><img data-recalc-dims=\"1\" fetchpriority=\"high\" decoding=\"async\" class=\"alignnone wp-image-26100\" src=\"https:\/\/i0.wp.com\/www.blau-weiss-fischenich.de\/wp-content\/uploads\/2024\/04\/image0.jpeg?resize=324%2C243&#038;ssl=1\" alt=\"\" width=\"324\" height=\"243\" srcset=\"https:\/\/i0.wp.com\/www.blau-weiss-fischenich.de\/wp-content\/uploads\/2024\/04\/image0.jpeg?resize=300%2C225&amp;ssl=1 300w, https:\/\/i0.wp.com\/www.blau-weiss-fischenich.de\/wp-content\/uploads\/2024\/04\/image0.jpeg?resize=1024%2C768&amp;ssl=1 1024w, https:\/\/i0.wp.com\/www.blau-weiss-fischenich.de\/wp-content\/uploads\/2024\/04\/image0.jpeg?resize=768%2C576&amp;ssl=1 768w, https:\/\/i0.wp.com\/www.blau-weiss-fischenich.de\/wp-content\/uploads\/2024\/04\/image0.jpeg?resize=1536%2C1152&amp;ssl=1 1536w, https:\/\/i0.wp.com\/www.blau-weiss-fischenich.de\/wp-content\/uploads\/2024\/04\/image0.jpeg?w=1600&amp;ssl=1 1600w\" sizes=\"(max-width: 324px) 100vw, 324px\" \/><\/a><\/p>\n<p><strong>Entstehung<\/strong><\/p>\n<p>Diese Gruppe wurde im M\u00e4rz 1985 gegr\u00fcndet. Das Kinder- und Jugendtanzcorps besteht zurzeit aus 21 M\u00e4dchen&nbsp; im Alter zwischen 4 und 14 Jahren. Das Kinder- und Jugendtanzcorps ist im H\u00fcrther Karneval gut etabliert. Ihre T\u00e4nze werden in H\u00fcrth bei karnevalistischen Ver\u00adanstaltungen, wie Kinder- und Seniorensitzungen, etc. aufgef\u00fchrt. Auch \u00fcber H\u00fcrths Stadt\u00adgrenzen hinaus bringen sie dem Publikum mit ihren ansprechenden und schwungvollen Darbietungen viel Spa\u00df und Freude.<\/p>\n<p>Die Gruppe hat ein Repertoire von zwei bis drei T\u00e4nzen, wobei in jedem Jahr mindestens ein neuer Tanz ein\u00adstudiert wird.&nbsp;Die T\u00e4nze sind entsprechend der Musik sehr abwechslungsreich.<\/p>\n<p>Die Musik zu den einzelnen T\u00e4nzen wird von der Trainerin Angelika N\u00fcrnberg und den BetreuerInnen mit dem musikalischen Leiter des Blasorchesters Gerd Au\u00dfem gemeinsam ausgew\u00e4hlt und zusammengestellt sowie arrangiert. Den jeweiligen Veranstaltern werden die eigens vom Blasorchester aufgenommenen Musikkassetten und CDs zur Verf\u00fcgung gestellt. Bei gemeinsamen Auftritten werden die Kinder und Jugendlichen vom Blasorchester live begleitet.<\/p>\n<p><strong>Training<\/strong><\/p>\n<p>Das Kindertanzcorps probt w\u00f6chentlich donnerstags von 17:00 bis 18.00 Uhr im Martinushaus, An St. Martin, und das Jugendtanzcorps donnerstags von 18:00 bis 19:30 Uhr ebenfalls im Martinushaus.<\/p>\n<p>Bei den Proben werden mit den Kindern und Jugendlichen nach einem gezielten Aufw\u00e4rmtraining die For\u00adma\u00ad\u00adtionen und Schrittkombinationen einstudiert. Am Ende k\u00f6nnen dann tolle T\u00e4nze auf der B\u00fchne dar\u00adgeboten werden. Neben den manchmal auch anstrengenden Proben wird jedoch immer darauf geachtet, dass die Freude und der Spa\u00df nicht zu kurz kommen. So wird die Probenarbeit durch Spiele, Diskussionsrunden und l\u00e4ngeren Pausen abwechslungsreich gestaltet, denn Flei\u00df muss ja schlie\u00dflich auch belohnt werden.<\/p>\n<p><strong>Geselligkeit<\/strong><\/p>\n<p>Das Kindertanzcorps gestaltet mit seinen sch\u00f6nen Uniformen auch Festumz\u00fcge mit. Vor dem allj\u00e4hrlichen Musik im Park verteilen die beiden Gruppen die Informationsbl\u00e4tter an alle Fische\u00adnicher Haushalte.&nbsp;<\/p>\n<p>Ansonsten sind die beiden Tanzcorps immer f\u00fcr den Verein da, wenn sie gebraucht werden. Jeweils zum Jahresende findet eine Weihnachtsfeier statt.<\/p>\n<p>Die Arbeit des Kinder- und Jugendtanzcorps sichert den Bestand des Tanzcorps und die Zukunft des gesamten Vereins. Deshalb sind einige Jugendliche auch verst\u00e4rkt in die Jugend\u00adarbeit mit eingebunden.<\/p>\n<p>Kinder und Jugendliche, die Spa\u00df an der Bewegung und in der Gruppe haben, sind uns stets sehr herzlich willkommen.<\/p>\n<p>&nbsp;<\/p>\n<p><em><span style=\"text-decoration: underline;\"><strong>Leiterin\/Betreuerinnen Kinder- und Jugendtanzcorps:<\/strong><\/span><\/em><\/p>\n<p>Diana Ermer<br \/>\nTel. 01577 2549275<\/p>\n<p>Katrin Koch<br \/>\nTel. 0177 4541808<\/p>\n<p><span style=\"text-decoration: underline;\"><em><strong>Trainerin<\/strong><\/em><em><strong> :<\/strong><\/em><\/span><\/p>\n<p>Angelika N\u00fcrnberg<\/p>\n<p><span style=\"text-decoration: underline;\"><em><strong>Termine<\/strong><\/em><em><strong>&nbsp;:<\/strong><\/em><\/span><\/p>\n<p>Diana Ermer<br \/>\nTel. 01577 2549275<br \/>\n<a href=\"mailto:kijutanzcorps@blau-weiss-fischenich.de\">Terminanfragen<\/a><\/p>\n","protected":false},"excerpt":{"rendered":"<p>Entstehung Diese Gruppe wurde im M\u00e4rz 1985 gegr\u00fcndet. Das Kinder- und Jugendtanzcorps besteht zurzeit aus 21 M\u00e4dchen&nbsp; im Alter zwischen 4 und 14 Jahren. Das Kinder- und Jugendtanzcorps ist im H\u00fcrther Karneval gut etabliert. Ihre T\u00e4nze werden in H\u00fcrth bei karnevalistischen Ver\u00adanstaltungen, wie Kinder- und Seniorensitzungen, etc. aufgef\u00fchrt. Auch \u00fcber H\u00fcrths Stadt\u00adgrenzen hinaus bringen sie [&hellip;]<\/p>\n","protected":false},"author":2,"featured_media":0,"parent":0,"menu_order":0,"comment_status":"closed","ping_status":"open","template":"","meta":{"ngg_post_thumbnail":0,"footnotes":"","_links_to":"","_links_to_target":""},"class_list":["post-2472","page","type-page","status-publish","hentry"],"jetpack_sharing_enabled":true,"jetpack_shortlink":"https:\/\/wp.me\/P787HS-DS","publishpress_future_action":{"enabled":false,"date":"2026-05-10 12:51:21","action":"change-status","newStatus":"draft","terms":[],"taxonomy":"","extraData":[]},"publishpress_future_workflow_manual_trigger":{"enabledWorkflows":[]},"_links":{"self":[{"href":"https:\/\/www.blau-weiss-fischenich.de\/index.php?rest_route=\/wp\/v2\/pages\/2472","targetHints":{"allow":["GET"]}}],"collection":[{"href":"https:\/\/www.blau-weiss-fischenich.de\/index.php?rest_route=\/wp\/v2\/pages"}],"about":[{"href":"https:\/\/www.blau-weiss-fischenich.de\/index.php?rest_route=\/wp\/v2\/types\/page"}],"author":[{"embeddable":true,"href":"https:\/\/www.blau-weiss-fischenich.de\/index.php?rest_route=\/wp\/v2\/users\/2"}],"replies":[{"embeddable":true,"href":"https:\/\/www.blau-weiss-fischenich.de\/index.php?rest_route=%2Fwp%2Fv2%2Fcomments&post=2472"}],"version-history":[{"count":17,"href":"https:\/\/www.blau-weiss-fischenich.de\/index.php?rest_route=\/wp\/v2\/pages\/2472\/revisions"}],"predecessor-version":[{"id":26933,"href":"https:\/\/www.blau-weiss-fischenich.de\/index.php?rest_route=\/wp\/v2\/pages\/2472\/revisions\/26933"}],"wp:attachment":[{"href":"https:\/\/www.blau-weiss-fischenich.de\/index.php?rest_route=%2Fwp%2Fv2%2Fmedia&parent=2472"}],"curies":[{"name":"wp","href":"https:\/\/api.w.org\/{rel}","templated":true}]}}

<p style="text-align: center;"><a href="https://i0.wp.com/www.blau-weiss-fischenich.de/wp-content/uploads/2024/04/image0.jpeg?ssl=1"><img data-recalc-dims="1" fetchpriority="high" decoding="async" class="alignnone wp-image-26100" src="https://i0.wp.com/www.blau-weiss-fischenich.de/wp-content/uploads/2024/04/image0.jpeg?resize=324%2C243&#038;ssl=1" alt="" width="324" height="243" srcset="https://i0.wp.com/www.blau-weiss-fischenich.de/wp-content/uploads/2024/04/image0.jpeg?resize=300%2C225&amp;ssl=1 300w, https://i0.wp.com/www.blau-weiss-fischenich.de/wp-content/uploads/2024/04/image0.jpeg?resize=1024%2C768&amp;ssl=1 1024w, https://i0.wp.com/www.blau-weiss-fischenich.de/wp-content/uploads/2024/04/image0.jpeg?resize=768%2C576&amp;ssl=1 768w, https://i0.wp.com/www.blau-weiss-fischenich.de/wp-content/uploads/2024/04/image0.jpeg?resize=1536%2C1152&amp;ssl=1 1536w, https://i0.wp.com/www.blau-weiss-fischenich.de/wp-content/uploads/2024/04/image0.jpeg?w=1600&amp;ssl=1 1600w" sizes="(max-width: 324px) 100vw, 324px" /></a></p>
<p><strong>Entstehung</strong></p>
<p>Diese Gruppe wurde im März 1985 gegründet. Das Kinder- und Jugendtanzcorps besteht zurzeit aus 21 Mädchen&nbsp; im Alter zwischen 4 und 14 Jahren. Das Kinder- und Jugendtanzcorps ist im Hürther Karneval gut etabliert. Ihre Tänze werden in Hürth bei karnevalistischen Ver­anstaltungen, wie Kinder- und Seniorensitzungen, etc. aufgeführt. Auch über Hürths Stadt­grenzen hinaus bringen sie dem Publikum mit ihren ansprechenden und schwungvollen Darbietungen viel Spaß und Freude.</p>
<p>Die Gruppe hat ein Repertoire von zwei bis drei Tänzen, wobei in jedem Jahr mindestens ein neuer Tanz ein­studiert wird.&nbsp;Die Tänze sind entsprechend der Musik sehr abwechslungsreich.</p>
<p>Die Musik zu den einzelnen Tänzen wird von der Trainerin Angelika Nürnberg und den BetreuerInnen mit dem musikalischen Leiter des Blasorchesters Gerd Außem gemeinsam ausgewählt und zusammengestellt sowie arrangiert. Den jeweiligen Veranstaltern werden die eigens vom Blasorchester aufgenommenen Musikkassetten und CDs zur Verfügung gestellt. Bei gemeinsamen Auftritten werden die Kinder und Jugendlichen vom Blasorchester live begleitet.</p>
<p><strong>Training</strong></p>
<p>Das Kindertanzcorps probt wöchentlich donnerstags von 17:00 bis 18.00 Uhr im Martinushaus, An St. Martin, und das Jugendtanzcorps donnerstags von 18:00 bis 19:30 Uhr ebenfalls im Martinushaus.</p>
<p>Bei den Proben werden mit den Kindern und Jugendlichen nach einem gezielten Aufwärmtraining die For­ma­­tionen und Schrittkombinationen einstudiert. Am Ende können dann tolle Tänze auf der Bühne dar­geboten werden. Neben den manchmal auch anstrengenden Proben wird jedoch immer darauf geachtet, dass die Freude und der Spaß nicht zu kurz kommen. So wird die Probenarbeit durch Spiele, Diskussionsrunden und längeren Pausen abwechslungsreich gestaltet, denn Fleiß muss ja schließlich auch belohnt werden.</p>
<p><strong>Geselligkeit</strong></p>
<p>Das Kindertanzcorps gestaltet mit seinen schönen Uniformen auch Festumzüge mit. Vor dem alljährlichen Musik im Park verteilen die beiden Gruppen die Informationsblätter an alle Fische­nicher Haushalte.&nbsp;</p>
<p>Ansonsten sind die beiden Tanzcorps immer für den Verein da, wenn sie gebraucht werden. Jeweils zum Jahresende findet eine Weihnachtsfeier statt.</p>
<p>Die Arbeit des Kinder- und Jugendtanzcorps sichert den Bestand des Tanzcorps und die Zukunft des gesamten Vereins. Deshalb sind einige Jugendliche auch verstärkt in die Jugend­arbeit mit eingebunden.</p>
<p>Kinder und Jugendliche, die Spaß an der Bewegung und in der Gruppe haben, sind uns stets sehr herzlich willkommen.</p>
<p>&nbsp;</p>
<p><em><span style="text-decoration: underline;"><strong>Leiterin/Betreuerinnen Kinder- und Jugendtanzcorps:</strong></span></em></p>
<p>Diana Ermer<br />
Tel. 01577 2549275</p>
<p>Katrin Koch<br />
Tel. 0177 4541808</p>
<p><span style="text-decoration: underline;"><em><strong>Trainerin</strong></em><em><strong> :</strong></em></span></p>
<p>Angelika Nürnberg</p>
<p><span style="text-decoration: underline;"><em><strong>Termine</strong></em><em><strong>&nbsp;:</strong></em></span></p>
<p>Diana Ermer<br />
Tel. 01577 2549275<br />
<a href="mailto:kijutanzcorps@blau-weiss-fischenich.de">Terminanfragen</a></p>

<p>Entstehung Diese Gruppe wurde im März 1985 gegründet. Das Kinder- und Jugendtanzcorps besteht zurzeit aus 21 Mädchen&nbsp; im Alter zwischen 4 und 14 Jahren. Das Kinder- und Jugendtanzcorps ist im Hürther Karneval gut etabliert. Ihre Tänze werden in Hürth bei karnevalistischen Ver­anstaltungen, wie Kinder- und Seniorensitzungen, etc. aufgeführt. Auch über Hürths Stadt­grenzen hinaus bringen sie [&hellip;]</p>
