{"id":523,"date":"2011-05-11T11:15:51","date_gmt":"2011-05-11T09:15:51","guid":{"rendered":"http:\/\/www.blau-weiss-fischenich.de\/?page_id=523"},"modified":"2024-04-13T13:33:46","modified_gmt":"2024-04-13T11:33:46","slug":"links","status":"publish","type":"page","link":"https:\/\/www.blau-weiss-fischenich.de\/?page_id=523","title":{"rendered":"Links"},"content":{"rendered":"<p><span style=\"font-family: arial,helvetica,sans-serif;\"><strong>Vereine in Fischenich:<\/strong><\/span><\/p>\n<p dir=\"ltr\"><a href=\"http:\/\/www.dorfgemeinschaft-fischenich.de\"><span style=\"font-family: arial,helvetica,sans-serif;\">Dorfgemeinschaft H\u00fcrth-Fischenich<\/span><\/a><\/p>\n<p><a href=\"http:\/\/www.khvetter.de\/blaue.htm\"><span style=\"font-family: arial,helvetica,sans-serif;\">Club Blaue Zylinder von 1981 <\/span><\/a><\/p>\n<p><span style=\"font-family: arial,helvetica,sans-serif;\"><a href=\"http:\/\/www.jgv-fischenich.de\" target=\"_blank\" rel=\"noopener\">Junggesellenverein Fischenich<\/a><\/span><\/p>\n<p><a title=\"Kirchenchor St. C\u00e4cilia Fischenich von 1884 \" href=\"http:\/\/www.Kirchenchor-fischenich.de\" target=\"_blank\" rel=\"noopener\"><span style=\"font-family: arial,helvetica,sans-serif;\">Kirchenchor St. C\u00e4cilia Fischenich von 1884<\/span><\/a><\/p>\n<p><span style=\"font-family: arial,helvetica,sans-serif;\"><a href=\"http:\/\/www.morgenland-verein.de\">Morgenland e.V.<\/a><\/span><\/p>\n<p><span style=\"font-family: arial,helvetica,sans-serif;\"><a href=\"http:\/\/www.og-fischenich.de\">Sch\u00e4ferhundverein Ortsgruppe Fischenich<\/a><\/span><\/p>\n<p><span style=\"font-family: arial,helvetica,sans-serif;\"><a href=\"http:\/\/www.fischenicher-schuetzen.de\/\" target=\"_blank\" rel=\"noopener\">St. Hubertus Sch\u00fctzenbruderschaft Fischenich e.V. 1931<\/a><\/span><\/p>\n<p><span style=\"font-family: arial,helvetica,sans-serif;\"><a href=\"http:\/\/www.tvahuerth.de\">Turnverein Alpengl\u00fch\u00b4n H\u00fcrth-Fischenich 1894 e.V.<\/a><\/span><\/p>\n<p><span style=\"font-family: arial,helvetica,sans-serif;\"><a href=\"http:\/\/www.vfr-fischenich.de\">Verein f\u00fcr Rasenspiele Fischenich 1930 e.V.<\/a><\/span><\/p>\n<p><span style=\"font-family: arial,helvetica,sans-serif;\"><strong>&nbsp;<\/strong><\/span><\/p>\n<p><span style=\"font-family: arial,helvetica,sans-serif;\"><strong>Befreundete Vereine:<\/strong><\/span><\/p>\n<p><span style=\"font-family: arial,helvetica,sans-serif;\"><a href=\"http:\/\/www.gkkg.de\/\">Gro\u00dfe Knapsacker Karnevalsgesellschaft von 1935 e.V.<\/a><\/span><\/p>\n<p><span style=\"font-family: arial,helvetica,sans-serif;\"><span style=\"font-family: arial,helvetica,sans-serif;\"><a href=\"http:\/\/www.hcc-bigband.de\/\">HCC Bigband<\/a><\/span><\/span><\/p>\n<p><span style=\"font-family: arial,helvetica,sans-serif;\"><span style=\"font-family: arial,helvetica,sans-serif;\"><a href=\"http:\/\/www.militaermusik.bundeswehr.de\/portal\/a\/milmus\">Musikdienst der Bundeswehr<\/a><\/span><\/span><\/p>\n<p><span style=\"font-family: arial,helvetica,sans-serif;\"><span style=\"font-family: arial,helvetica,sans-serif;\"><a href=\"http:\/\/www.musikfreunde-roisdorf.de\/index.htm\">Musikfreunde Roisdorf<\/a><\/span><\/span><\/p>\n<p><span style=\"font-family: arial,helvetica,sans-serif;\"><span style=\"font-family: arial,helvetica,sans-serif;\"><a href=\"http:\/\/www.musikfreunde-urfeld.de\/\">Musikfreunde Urfeld 1970 e.V.<\/a><\/span><\/span><\/p>\n<p><span style=\"font-family: arial, helvetica, sans-serif;\"><a title=\"Musikkapelle Niederaudorf\" href=\"http:\/\/www.musikkapelle-niederaudorf.de\/\" target=\"_blank\" rel=\"noopener\">Musikkapelle Niederaudorf<\/a><\/span><\/p>\n<p><span style=\"font-family: arial,helvetica,sans-serif;\"><span style=\"font-family: arial,helvetica,sans-serif;\"><a href=\"http:\/\/www.musikverein-eifelland.de\/\">Musikverein &#8220;Eifelland&#8221; e.V.<\/a><\/span><\/span><\/p>\n<p><span style=\"font-family: arial,helvetica,sans-serif;\"><span style=\"font-family: arial,helvetica,sans-serif;\"><a href=\"http:\/\/www.togidohekelingen.nl\/\">Muziekverenigung T.O.G.I.D.O.<\/a><\/span><\/span><\/p>\n<p><span style=\"font-family: arial,helvetica,sans-serif;\"><span style=\"font-family: arial,helvetica,sans-serif;\"><a href=\"http:\/\/www.siegburger-funken.de\/\">Siegburger Funken &#8220;Blau-Wei\u00df&#8221; von 1859 e.V.<\/a><\/span><\/span><\/p>\n<p><span style=\"font-family: arial,helvetica,sans-serif;\"><span style=\"font-family: arial,helvetica,sans-serif;\"><a href=\"http:\/\/www.tambourcorps-kendenich.de\/\">Tambourcorps &#8220;Edelwei\u00df&#8221; H\u00fcrth-Kendenich 1951 e.V.<\/a><\/span><\/span><\/p>\n<div><span style=\"font-family: arial,helvetica,sans-serif;\"><span style=\"font-family: arial,helvetica,sans-serif;\">&nbsp;<\/span><\/span><\/div>\n<div><span style=\"font-family: arial,helvetica,sans-serif;\"><strong>Sonstige Links:<\/strong><\/span><\/div>\n<p><span style=\"font-family: arial,helvetica,sans-serif;\"><a href=\"http:\/\/www.huerth.de\/\">Stadt H\u00fcrth<\/a><\/span><\/p>\n<p><span style=\"font-family: arial, helvetica, sans-serif;\"><a title=\"Innovatives f\u00fcr Holzblasinstrumente\" href=\"http:\/\/www.paulus-schuler.de\/\" target=\"_blank\" rel=\"noopener\">Paulus &amp; Schuler GbR<\/a><\/span><\/p>\n<p><span style=\"font-family: arial, helvetica, sans-serif;\"><a title=\"P\u00e4nz vun K\u00f6lle\" href=\"http:\/\/www.paenz-vun-koelle.de\/\" target=\"_blank\" rel=\"noopener\">P\u00e4nz vun K\u00f6lle<\/a><\/span><\/p>\n<p><a title=\"Volksmusikerbund NRW - Kreisverband Rhein-Erft e.V.\" href=\"http:\/\/www.vmb-nrw.de\/go\/rhein-erft.html \" target=\"_blank\" rel=\"noopener\"><span style=\"font-family: arial,helvetica,sans-serif;\">Volksmusikerbund NRW &#8211; Kreisverband Rhein-Erft e.V.<\/span><\/a><\/p>\n<p>&nbsp;<\/p>\n<p><span style=\"font-family: arial,helvetica,sans-serif;\">&#8212;&#8212;&#8212;&#8212;&#8212;&#8212;&#8212;&#8212;&#8212;&#8211;<\/span><\/p>\n<p><strong>Haftung f\u00fcr Links<\/strong><\/p>\n<p>Unser Angebot enth\u00e4lt Links zu externen Webseiten Dritter, auf deren Inhalte wir keinen Einfluss haben. Deshalb k\u00f6nnen wir f\u00fcr diese fremden Inhalte auch keine Gew\u00e4hr \u00fcbernehmen. F\u00fcr die Inhalte der verlinkten Seiten ist stets der jeweilige Anbieter oder Betreiber der Seiten verantwortlich. Die verlinkten Seiten wurden zum Zeitpunkt der Verlinkung auf m\u00f6gliche Rechtsverst\u00f6\u00dfe \u00fcberpr\u00fcft. Rechtswidrige Inhalte waren zum Zeitpunkt der Verlinkung nicht erkennbar. Eine permanente inhaltliche Kontrolle der verlinkten Seiten ist jedoch ohne konkrete Anhaltspunkte einer Rechtsverletzung nicht zumutbar. Bei Bekanntwerden von Rechtsverletzungen werden wir derartige Links umgehend entfernen.<\/p>\n","protected":false},"excerpt":{"rendered":"<p>Vereine in Fischenich: Dorfgemeinschaft H\u00fcrth-Fischenich Club Blaue Zylinder von 1981 Junggesellenverein Fischenich Kirchenchor St. C\u00e4cilia Fischenich von 1884 Morgenland e.V. Sch\u00e4ferhundverein Ortsgruppe Fischenich St. Hubertus Sch\u00fctzenbruderschaft Fischenich e.V. 1931 Turnverein Alpengl\u00fch\u00b4n H\u00fcrth-Fischenich 1894 e.V. Verein f\u00fcr Rasenspiele Fischenich 1930 e.V. &nbsp; Befreundete Vereine: Gro\u00dfe Knapsacker Karnevalsgesellschaft von 1935 e.V. HCC Bigband Musikdienst der Bundeswehr Musikfreunde [&hellip;]<\/p>\n","protected":false},"author":2,"featured_media":0,"parent":0,"menu_order":80,"comment_status":"closed","ping_status":"closed","template":"","meta":{"ngg_post_thumbnail":0,"footnotes":"","_links_to":"","_links_to_target":""},"class_list":["post-523","page","type-page","status-publish","hentry"],"jetpack_sharing_enabled":true,"jetpack_shortlink":"https:\/\/wp.me\/P787HS-8r","publishpress_future_action":{"enabled":false,"date":"2026-05-10 12:51:10","action":"change-status","newStatus":"draft","terms":[],"taxonomy":"","extraData":[]},"publishpress_future_workflow_manual_trigger":{"enabledWorkflows":[]},"_links":{"self":[{"href":"https:\/\/www.blau-weiss-fischenich.de\/index.php?rest_route=\/wp\/v2\/pages\/523","targetHints":{"allow":["GET"]}}],"collection":[{"href":"https:\/\/www.blau-weiss-fischenich.de\/index.php?rest_route=\/wp\/v2\/pages"}],"about":[{"href":"https:\/\/www.blau-weiss-fischenich.de\/index.php?rest_route=\/wp\/v2\/types\/page"}],"author":[{"embeddable":true,"href":"https:\/\/www.blau-weiss-fischenich.de\/index.php?rest_route=\/wp\/v2\/users\/2"}],"replies":[{"embeddable":true,"href":"https:\/\/www.blau-weiss-fischenich.de\/index.php?rest_route=%2Fwp%2Fv2%2Fcomments&post=523"}],"version-history":[{"count":6,"href":"https:\/\/www.blau-weiss-fischenich.de\/index.php?rest_route=\/wp\/v2\/pages\/523\/revisions"}],"predecessor-version":[{"id":26116,"href":"https:\/\/www.blau-weiss-fischenich.de\/index.php?rest_route=\/wp\/v2\/pages\/523\/revisions\/26116"}],"wp:attachment":[{"href":"https:\/\/www.blau-weiss-fischenich.de\/index.php?rest_route=%2Fwp%2Fv2%2Fmedia&parent=523"}],"curies":[{"name":"wp","href":"https:\/\/api.w.org\/{rel}","templated":true}]}}